actors of h?
17
Let c(u) be the first derivative of u**4/4 + 10*u**3/3 + 6*u**2 + 7*u - 1. Let d be c(-9). Let l = d + 33. List the prime factors of l.
13
Let b(s) = s + 8 + 3*s**2 - 8. List the prime factors of b(-3).
2, 3
Let l(w) = w + 1. Let i(z) = -3*z - 9. Let x(p) = i(p) + 6*l(p). What are the prime factors of x(4)?
3
What are the prime factors of ((2660/6)/(-7))/((-2)/6)?
2, 5, 19
Let q(r) be the third derivative of r**4/4 + 2*r**2. Let w be q(-1). Let k(y) = -y. What are the prime factors of k(w)?
2, 3
Let w(f) = -f**2 - 5*f - 2. Let j be w(-3). List the prime factors of (j/(-8))/((-1)/4).
2
Let t(c) = c**2 - 2*c - 5. Let l be t(4). Suppose 0 = -4*x + 12, -l*x = 3*s - 25 - 8. List the prime factors of s.
2
Let a(h) = 5*h**2 + h - 1. Suppose 0 = -4*g + 2*g + 2. List the prime factors of a(g).
5
Suppose -3*f - 2*s = -11, -7*f + 17 = -2*f + 3*s. List the prime factors of (f/3)/(7/168).
2
Let f(g) = -g**3 - 8*g**2 + 9*g + 6. What are the prime factors of f(-9)?
2, 3
Let o(f) = f**3 + 19*f**2 - 29*f - 52. List the prime factors of o(-20).
2
Let t(g) = 103*g + 3. Let j be t(-5). List the prime factors of (-2)/(-3) + j/(-24).
2, 11
Let i(c) = 7*c**2 - 4*c - 4. List the prime factors of i(-3).
71
Suppose -5*i + 8*i = 0. Suppose i = -6*v + 2*v + 72. What are the prime factors of v?
2, 3
Let j be (-2)/8 - 174/(-24). Let g = j + -5. Suppose -28 = -g*c - 2*c. What are the prime factors of c?
7
What are the prime factors of 57/2*30/9?
5, 19
Let y(c) = -c + 13. Let g = -6 - -6. List the prime factors of y(g).
13
Let g be ((-2)/3)/(4/18). Suppose 4*v - 4*r = v - 2, 2*v - 3*r = -2. Let s = v - g. List the prime factors of s.
5
Let d be ((-3)/(-2))/((-42)/(-140)). Suppose 0*r = 5*m - 2*r - 230, 0 = d*r. What are the prime factors of m?
2, 23
Let t(w) = w**3 + 7*w**2 - w - 4. Suppose 2 = -2*p + 4*s + 8, 3*p + 4*s = -41. Let i be t(p). Suppose -i*j = -32 - 7. What are the prime factors of j?
13
Suppose -n + 25 = -0. Suppose n = l + 4. Suppose -4*d = l - 97. List the prime factors of d.
19
What are the prime factors of -14*(4 - (-27)/(-6))?
7
Let q = 3 + -3. Suppose 26 = -q*h + 2*h. List the prime factors of h.
13
Suppose 2*h + 1 + 13 = 0. Let p(l) = -l**2 - 10*l - 6. What are the prime factors of p(h)?
3, 5
Let y(h) = h**3 + 11*h**2 - 9*h - 15. List the prime factors of y(-11).
2, 3, 7
Let b(f) be the second derivative of -f**5/20 - 5*f**4/6 - 5*f**3/3 - 2*f. List the prime factors of b(-9).
3
Let v(n) = 2*n**3 - 6*n**2 + 6*n - 4. List the prime factors of v(4).
2, 13
List the prime factors of (460/(-15) - 6)/(2/(-6)).
2, 5, 11
Let x(f) = -f**2 - 5*f + 1. Let k be x(-5). Let h be (-1)/(-3) - (-6)/9. Let j = k + h. What are the prime factors of j?
2
Let x(c) = c**3 - 2*c - 1. Let y be x(-1). Suppose 2*u = 2, y = 3*d - 5*u + 2*u - 6. List the prime factors of d.
3
Let c(l) be the third derivative of -1/12*l**5 + 4*l**2 + 0*l - 1/2*l**3 + 1/120*l**6 + 1/6*l**4 + 0. List the prime factors of c(5).
17
Let i(z) = z - 1. Let o be i(7). List the prime factors of o - (0 + 4 - 2).
2
Suppose 3*a - 289 = 4*k, -6*k = 4*a - 4*k - 378. Suppose 4*d = -d + a. List the prime factors of d.
19
Suppose -k = 9 - 25. What are the prime factors of k?
2
Let c = 6 + -6. Let a = 3 - c. Suppose 3*u - 4 = -s + 5*u, 59 = 5*s + a*u. What are the prime factors of s?
2, 5
Let z be ((-2)/5)/(1/10). Let i be (-1 - 38/z)*-6. What are the prime factors of ((-21)/9 + 2)*i?
17
Suppose 176 = 4*q + 52. Suppose -u + q + 1 = 0. List the prime factors of u.
2
Suppose -3*d = -d + 6. List the prime factors of (1 + 0)/(d/(-30)).
2, 5
Let v(n) be the third derivative of n**6/120 + n**5/15 + n**4/24 - n**3/2 + 3*n**2. Let u be v(-3). Suppose -5*p = -u*p - 42. List the prime factors of p.
3, 7
Suppose -x - d + 4 = 0, -4*d = -2*x + d - 20. Let c = x - -1. Suppose 19 = s - c. What are the prime factors of s?
2, 5
Suppose -t + 58 = t. Let u = t - 16. What are the prime factors of u?
13
List the prime factors of -6*(82/(-10) - 1/(-5)).
2, 3
Let h be 1/(-4) - (-34)/8. Suppose -78 = -4*c + 2*x + 16, h*x - 37 = -c. List the prime factors of c.
5
Let f(o) = 5*o**3 - o**2 - o - 1. List the prime factors of f(3).
2, 61
Let s be 1/(-2*2/(-36)). List the prime factors of 3*2*s/6.
3
Let z(l) be the second derivative of 1/2*l**3 + 1/2*l**4 - 3*l - 3/2*l**2 + 1/20*l**5 + 0. List the prime factors of z(-5).
7
Let r = 25 - 15. Let v = r + -1. What are the prime factors of ((-16)/(-3))/(3/v)?
2
List the prime factors of 86 + 16/4 - (-4)/2.
2, 23
Let p = 1 - -1. Suppose -f - 56 = p*f - s, 0 = -5*f + 5*s - 90. Let h = -11 - f. What are the prime factors of h?
2
Let z = 15 + -11. Let o = 0 + z. Suppose -1 = 4*g + 5*m - 29, -3*m - 60 = -o*g. List the prime factors of g.
2, 3
Suppose 0*j - 3*z + 12 = -j, 2*z - 19 = -3*j. Suppose 0 = 2*x - 10, -j*h + 65 = 6*x - 2*x. List the prime factors of h.
3, 5
Suppose 987 - 343 = 7*o. What are the prime factors of o?
2, 23
Suppose -6 = 2*r - 5*r. Suppose -m + 5 - r = 0. What are the prime factors of m?
3
Let l = 25 - 15. Suppose n - l = -0*n. Suppose 66 + n = 4*g. What are the prime factors of g?
19
Let q(i) = 6*i**2 - 2*i + 1. Let h be q(1). Let y(d) = 2*d**2 + 8*d + 14. Let b be y(-7). Suppose 7 = 3*x - 4*n, 4*x + h*n = n + b. List the prime factors of x.
3
Suppose 27*a = 24*a + 426. What are the prime factors of a?
2, 71
Suppose -32*v - 1152 = -41*v. List the prime factors of v.
2
Let u be (-12)/(-3) - 0/3. Suppose u = -2*l - d - 4*d, l - 1 = -d. Suppose 5*w - 90 = 2*s, -4*s - 68 = -l*w - 0*s. List the prime factors of w.
2
Let p(c) be the first derivative of c**2/2 + 2*c + 1. Let g be p(0). Let j = g - -3. What are the prime factors of j?
5
Suppose 6*h - h + 2 = -4*k, 2*h - 2*k + 8 = 0. Let d be (-2)/h + 1/(-1). Suppose 0*o - x + 17 = 5*o, d = -5*o - 2*x + 19. What are the prime factors of o?
3
Suppose 5*z = u + 635, -4*z + 2*u + 249 + 265 = 0. List the prime factors of z.
2, 3, 7
Suppose 13 - 62 = -u. Let a = u + -21. Suppose 5*b = b + a. List the prime factors of b.
7
Let p(o) = -o**3 + 5*o**2 + 2*o - 6. Let h be (3 - 2) + (2 - 9). Let l(q) = -2*q - 7. Let y be l(h). What are the prime factors of p(y)?
2
Let l(o) = 6*o**2 - o. Let x be l(-1). Let h(y) = -y**3 + 6*y**2 + 8*y + 2. Let t be h(x). Suppose p = n - t, 0*n + 3*p = 4*n - 34. List the prime factors of n.
7
Let m(n) = 2*n + 4. Let r be m(-4). Let t(b) = 3 + 0 - 3*b + 0*b - 8. What are the prime factors of t(r)?
7
Suppose 0 = 3*g - 5*g + 36. List the prime factors of g.
2, 3
Let y(g) = g**3 - g**2 + g + 1. Let n(i) = -3*i**3 + 7*i**2 - 9. Let o(w) = n(w) + 2*y(w). What are the prime factors of o(5)?
3
Let r(u) = 0 - 1 - 8*u**3 - 9*u**2 + 4 + 7*u**2 + 2*u. List the prime factors of r(-2).
5, 11
Suppose 2*w - 3*v - 10 = w, -2*v - 20 = -4*w. List the prime factors of w.
2
Suppose -3*h = 5*d - 24, -6*d + 5*h - 12 = -5*d. Suppose -3 = -4*i + d*i. Suppose 5*y - 36 = i*y. List the prime factors of y.
2, 3
Suppose 4*r + 157 = -4*q - r, 5*q = 4*r - 227. Let s = q + 60. What are the prime factors of s?
17
Let f(r) = r**2 - r - 4. Suppose 0 = -0*q - q. Suppose q = y - 3. What are the prime factors of f(y)?
2
Let z = 23 + -4. Suppose 4*r + 3 = z. Suppose -25 = -3*n + r*m + 11, 4*m = -5*n + 60. What are the prime factors of n?
2, 3
Let d(s) = -9*s**2 - 8*s + 2. Let c(z) = -8*z**2 - 7*z + 2. Let h(a) = -6*c(a) + 5*d(a). What are the prime factors of h(2)?
2, 7
Suppose -m + 3*h = 3*m + 41, 2*h - 42 = 4*m. Let t = -6 - -21. Let c = m + t. What are the prime factors of c?
2
Suppose -5*f + 48 + 82 = 0. What are the prime factors of f?
2, 13
Suppose -3*x - 45 + 173 = a, -5*x - 5*a + 210 = 0. What are the prime factors of x?
43
Let i be 6/(-15) - (-184)/10. Let a = -17 - -25. Let k = i - a. List the prime factors of k.
2, 5
List the prime factors of 36/12*82/6.
41
Suppose 3*q - 111 = -h, -14*h = 2*q - 12*h - 70. What are the prime factors of q?
2, 19
Let r be -1*((-24)/1)/(-4). Let t(v) = -3*v - 4 - 6 + 3. List the prime factors of t(r).
11
Let f = 17 + -9. Let a(j) = -2*j + 21. Let w be a(11). List the prime factors of ((-5)/4)/(w/f).
2, 5
Suppose 4*b - 3*b + 17 = 0. Let s(w) = -w**3 + 5*w**2 + 8*w - 10. Let m be s(5). Let n = b + m. What are the prime factors of n?
13
Suppose 4*r - 14 - 10 = 0. Let o = -4 + r. List the prime factors of o